283873
Convert 5633921 (base 11) to base 5.
10011420024
Convert 110011010101111100 (base 2) to base 13.
7494c
Convert ba3b9c (base 15) to base 7.
135261150
What is -176b1d4 (base 14) in base 7?
-200135054
What is -104986 (base 14) in base 8?
-2063432
What is -11010100011110110111011 (base 2) in base 4?
-122203312323
What is 112212131 (base 4) in base 2?
10110100110011101
-828679 (base 11) to base 4
-11010133332
What is -1102122220111 (base 3) in base 7?
-6316453
1111022000 (base 3) to base 7
151434
Convert -43223205 (base 6) to base 16.
-138275
bb9630 (base 12) to base 6
143524100
Convert 921635 (base 11) to base 9.
2706283
What is -9008304 (base 10) in base 5?
-4301231204
Convert 100001100010110011101010 (base 2) to base 9.
17482147
Convert -12123133112 (base 4) to base 2.
-110011011011111010110
Convert 2229336 (base 11) to base 12.
1384b1b
What is -11100100110101111 (base 2) in base 5?
-12222132
3cc487 (base 13) to base 4
11222033302
-40314 (base 10) to base 15
-be29
Convert 95910 (base 14) to base 13.
c856b
Convert -104617 (base 12) to base 4.
-332221303
Convert 11101111100000010 (base 2) to base 11.
84149
Convert 62671 (base 12) to base 3.
20112201011
Convert 342118 (base 9) to base 10.
204947
-100442402 (base 6) to base 15
-23d8c2
Convert -1144402 (base 6) to base 10.
-60626
10120212112002 (base 3) to base 12
77b50b
What is -10100100110001100111 (base 2) in base 15?
-d4e99
What is -100210 (base 7) in base 5?
-1020122
11355445 (base 6) to base 4
1113110111
1469a68 (base 12) to base 14
79469a
-14163002 (base 7) to base 5
-314421013
Convert -98643 (base 11) to base 8.
-427526
Convert -12584a (base 12) to base 7.
-2360041
-217a12 (base 12) to base 5
-114010300
1330155 (base 6) to base 11
50611
1c9973 (base 14) to base 2
11111010010101100001
Convert -210d7f (base 16) to base 15.
-2cbc48
379948 (base 10) to base 2
1011100110000101100
-18496 (base 13) to base 12
-231b4
-10429aa (base 11) to base 9
-3404683
Convert -f7cf4 (base 16) to base 2.
-11110111110011110100
Convert -2134503 (base 6) to base 10.
-106023
750 (base 15) to base 14
85c
What is 361039 (base 13) in base 10?
1287490
Convert 568413 (base 15) to base 4.
33233330133
What is -5cd1d5 (base 14) in base 2?
-1100001001110111110111
What is 223203333 (base 4) in base 6?
3454023
-21244144 (base 8) to base 9
-8480367
Convert 2414300 (base 6) to base 11.
871a8
What is 88bfb (base 16) in base 4?
2020233323
22211210210 (base 3) to base 14
47630
476b8 (base 12) to base 14
27004
What is -266155 (base 8) in base 15?
-1c998
451301 (base 10) to base 2
1101110001011100101
What is -1175345 (base 9) in base 8?
-2342532
What is -131895 (base 11) in base 12?
-a0015
What is 10021020002 (base 3) in base 5?
4024231
What is -6939819 (base 10) in base 14?
-cc9135
What is -100000011010010111100 (base 2) in base 7?
-12012301
Convert -60912 (base 13) to base 14.
-47022
103434001 (base 5) to base 4
1232130120
-3a685 (base 14) to base 4
-203021231
Convert 202110020122 (base 3) to base 15.
7e442
222110200212 (base 3) to base 7
4266665
What is -322026 (base 7) in base 5?
-3242204
What is 74469 (base 10) in base 3?
10210011010
-111531 (base 11) to base 14
-48a62
1435132 (base 6) to base 3
11012120002
493a2a (base 11) to base 8
2765630
What is -223bc (base 13) in base 7?
-346164
1124440231 (base 5) to base 11
1500622
Convert 204233233 (base 5) to base 13.
23ac3c
What is 4048494 (base 10) in base 14?
775582
What is -110112200212000 (base 3) in base 6?
-354515513
-42000442 (base 7) to base 6
-203353104
What is 113111220021 (base 4) in base 13?
1362876
What is -121133021 (base 4) in base 6?
-2123145
Convert -10010003032 (base 4) to base 8.
-4040316
Convert -1205553 (base 8) to base 10.
-330603
19131b (base 14) to base 4
3120202031
What is 88a7a (base 15) in base 3?
211001211121
Convert a0336 (base 15) to base 4.
1323301200
What is 1a7456 (base 12) in base 6?
14014550
Convert 1311301130 (base 5) to base 6.
153105442
3494748 (base 10) to base 6
202523220
-5e55a (base 15) to base 3
-120022200211
Convert aa740 (base 13) to base 12.
12a867
35205513 (base 6) to base 4
10022011311
Convert -11001111110011101000 (base 2) to base 16.
-cfce8
What is -10512447 (base 9) in base 7?
-61143511
What is -43136a (base 11) in base 8?
-2503351
Convert -119c03 (base 14) to base 9.
-1118503
-1000001111001 (base 2) to base 12
-2535
Convert -731be (base 15) to base 8.
-1310550
What is 69222 (base 16) in base 15?
878d6
Convert -53302a (base 15) to base 16.
-3c6883
What is 3201113 (base 4) in base 13?
6746
827a9 (base 13) to base 4
321023130
Convert 564672 (base 16) to base 13.
122c751
What is -5c5c5 (base 14) in base 2?
-110111001101110001
Convert 403310121 (base 5) to base 14.
302243
76a874 (base 13) to base 6
135514230
Convert -74385 (base 12) to base 6.
-3134245
-1313022102 (base 4) to base 5
-111104312
What is -20fd3 (base 16) in base 11?
-9257a
What is -74429 (base 12) in base 7?
-1204053
Convert -343340232 (base 6) to base 13.
-1406bac
What is 10011001 (base 5) in base 13?
29b95
Convert 507d24 (base 14) to base 7.
32020344
104004342 (base 5) to base 16
6ec5a
68a47 (base 12) to base 5
13432420
Convert 441016 (base 7) to base 14.
201b6
What is 1111210200 (base 3) in base 14?
aba9
-7d19a (base 14) to base 15
-6052b
What is 112a26 (base 12) in base 11?
178260
What is -13033560 (base 7) in base 2?
-100100001010011110001
16989 (base 11) to base 10
23813
-23a77 (base 14) to base 8
-252131
Convert -1181597 (base 10) to base 8.
-4403635
Convert -c67364 (base 13) to base 11.
-2691273
-25f907 (base 16) to base 12
-a0019b
184c5a (base 15) to base 16
1203f4
Convert 453c7 (base 14) to base 15.
34c4c
344070 (base 8) to base 11
7a825
279b0 (base 13) to base 6
1331205
Convert -1320141 (base 6) to base 2.
-10001101110111101
What is 245023501 (base 6) in base 2?
10001111111010010011101
Convert 42230124 (base 7) to base 14.
68d214
Convert 427814 (base 9) to base 10.
255082
4031164 (base 7) to base 16
74c1d
What is -615362 (base 8) in base 11?
-129996
Convert 80968 (base 11) to base 6.
2311351
Convert 3320322000 (base 4) to base 8.
3707200
What is a0ab (base 15) in base 14?
c503
What is -5a7c7 (base 14) in base 3?
-102020020200
Convert -306571 (base 9) to base 15.
-38dca
-103332234 (base 5) to base 6
-13343005
-10010011011011 (base 2) to base 4
-2103123
What is 1271571 (base 10) in base 3?
2101121021020
What is -2121112 (base 3) in base 6?
-12452
What is 33c50 (base 15) in base 16?
283a7
What is -240200513 (base 6) in base 9?
-8410530
Convert -16571636 (base 9) to base 2.
-11111101101110010110011
What is -13a3157 (base 11) in base 4?
-21023032310
14523 (base 14) to base 6
1025203
254397 (base 15) to base 4
12310011100
1125331 (base 8) to base 7
2412532
What is 110101100010000110 (base 2) in base 6?
4411050
81498 (base 10) to base 12
3b1b6
What is 11101111001111011010 (base 2) in base 13?
284053
Convert 412222131 (base 5) to base 7.
20163662
What is 12033310212 (base 4) in base 10?
1637670
11120002201102 (base 3) to base 13
66ab2c
What is -10359a6 (base 12) in base 11?
-17a9791
What is 101101000111110011 (base 2) in base 10?
184819
Convert 1161008 (base 9) to base 14.
125b45
Convert 185ab1a (base 14) to base 12.
4053718
Convert -2523412 (base 8) to base 10.
-698122
-2412141 (base 6) to base 11
-86902
What is -3345003 (base 7) in base 16?
-653e2
Convert -12116257 (base 10) to base 13.
-2682baa
What is 1000100001100110100111 (base 2) in base 8?
10414647
-3710a6 (base 11) to base 9
-1084288
What is -11545034 (base 6) in base 9?
-625854
What is -4732881 (base 9) in base 11?
-149a104
20331 (base 12) to base 9
63471
Convert -1000000100011111011000 (base 2) to base 10.
-2115544
What is 13027261 (base 8) in base 2?
1011000010111010110001
Convert c962 (base 14) to base 4.
20133122
-20257 (base 14) to base 10
-77301
What is 20110001 (base 3) in base 14?
19d9
-44224152 (base 6) to base 10
-1325444
What is 11001330233 (base 4) in base 5?
314144303
Convert 1221222002121 (base 3) to base 4.
3332201230
What is -2141314243 (base 5) in base 11?
-2686858
What is -1043735 (base 10) in base 9?
-1860655
Convert 104352241 (base 6) to base 2.
111001111000010000001
13427 (base 12) to base 14
994b
Convert -45151 (base 7) to base 3.
-120122101
Convert -662043 (base 9) to base 4.
-120